{"id":145,"date":"2024-12-28T22:20:24","date_gmt":"2024-12-28T21:20:24","guid":{"rendered":"https:\/\/mvtfdesign.com\/?post_type=product&#038;p=145"},"modified":"2024-12-28T22:20:24","modified_gmt":"2024-12-28T21:20:24","slug":"coque-de-telephone-personnalisable","status":"publish","type":"product","link":"https:\/\/mvtfdesign.com\/index.php\/produit\/coque-de-telephone-personnalisable\/","title":{"rendered":"Coque de t\u00e9l\u00e9phone personnalisable"},"content":{"rendered":"<p class=\"p1\">MVTF Design vous offre la possibilit\u00e9 de fabriquer votre propre coque de t\u00e9l\u00e9phone \u00e0 partir de z\u00e9ro en quelques minutes seulement.<span class=\"Apple-converted-space\">\u00a0<\/span><\/p>\n<p class=\"p1\">MVTF Design a tout pr\u00e9vu pour vous, ne vous inqui\u00e9tez pas ! Vous pouvez choisir parmi un large \u00e9ventail de types de coque et concevoir la votre selon vos go\u00fbts personnels. Tout ce que vous avez \u00e0 faire est de sp\u00e9cifier le mod\u00e8le de votre t\u00e9l\u00e9phone dans votre commande puis de personnaliser. Vous pouvez cr\u00e9er votre propre coque de t\u00e9l\u00e9phone comme vous le souhaitez. T\u00e9l\u00e9chargez une photo depuis votre ordinateur ou les r\u00e9seaux sociaux, modifiez-la, ajoutez des effets, du texte, des stickers et en quelques clics elle est pr\u00eate \u00e0 \u00eatre imprim\u00e9e !<\/p>\n","protected":false},"excerpt":{"rendered":"<p>MVTF Design vous offre la possibilit\u00e9 de fabriquer votre propre coque de t\u00e9l\u00e9phone \u00e0 partir de z\u00e9ro en quelques minutes seulement.<\/p>\n","protected":false},"featured_media":146,"comment_status":"open","ping_status":"closed","template":"","meta":{"_et_pb_use_builder":"","_et_pb_old_content":"","_et_gb_content_width":""},"product_brand":[],"product_cat":[19],"product_tag":[],"class_list":{"0":"post-145","1":"product","2":"type-product","3":"status-publish","4":"has-post-thumbnail","6":"product_cat-objet-publicitaire","8":"first","9":"instock","10":"shipping-taxable","11":"purchasable","12":"product-type-simple"},"_links":{"self":[{"href":"https:\/\/mvtfdesign.com\/index.php\/wp-json\/wp\/v2\/product\/145","targetHints":{"allow":["GET"]}}],"collection":[{"href":"https:\/\/mvtfdesign.com\/index.php\/wp-json\/wp\/v2\/product"}],"about":[{"href":"https:\/\/mvtfdesign.com\/index.php\/wp-json\/wp\/v2\/types\/product"}],"replies":[{"embeddable":true,"href":"https:\/\/mvtfdesign.com\/index.php\/wp-json\/wp\/v2\/comments?post=145"}],"wp:featuredmedia":[{"embeddable":true,"href":"https:\/\/mvtfdesign.com\/index.php\/wp-json\/wp\/v2\/media\/146"}],"wp:attachment":[{"href":"https:\/\/mvtfdesign.com\/index.php\/wp-json\/wp\/v2\/media?parent=145"}],"wp:term":[{"taxonomy":"product_brand","embeddable":true,"href":"https:\/\/mvtfdesign.com\/index.php\/wp-json\/wp\/v2\/product_brand?post=145"},{"taxonomy":"product_cat","embeddable":true,"href":"https:\/\/mvtfdesign.com\/index.php\/wp-json\/wp\/v2\/product_cat?post=145"},{"taxonomy":"product_tag","embeddable":true,"href":"https:\/\/mvtfdesign.com\/index.php\/wp-json\/wp\/v2\/product_tag?post=145"}],"curies":[{"name":"wp","href":"https:\/\/api.w.org\/{rel}","templated":true}]}}