{"id":105,"date":"2024-12-27T17:01:01","date_gmt":"2024-12-27T16:01:01","guid":{"rendered":"https:\/\/mvtfdesign.com\/?post_type=product&#038;p=105"},"modified":"2024-12-27T17:08:31","modified_gmt":"2024-12-27T16:08:31","slug":"mug-a-personnaliser","status":"publish","type":"product","link":"https:\/\/mvtfdesign.com\/index.php\/produit\/mug-a-personnaliser\/","title":{"rendered":"Mug \u00e0 personnaliser"},"content":{"rendered":"<p>D\u00e9couvrez notre <strong>mug<\/strong> avec l&rsquo;anse et au choix de diff\u00e9rentes couleurs, sur lequel vous pouvez ajouter un pr\u00e9nom ou un petit message pour lui donner une touche d&rsquo;originalit\u00e9&#8230;<br \/>\nUne id\u00e9e-cadeau cr\u00e9ative pour toutes les occasions !<\/p>\n<p>Nos\u00a0<strong>mugs en c\u00e9ramique<\/strong>\u00a0<strong>personnalisables<\/strong>\u00a0sont con\u00e7us pour r\u00e9sister aux cycles de lavage en lave-vaisselle et peuvent \u00eatre utilis\u00e9s au micro-ondes en toute s\u00e9curit\u00e9.<\/p>\n<p>Ajoutez votre logo, votre slogan ou un design sp\u00e9cial pour cr\u00e9er une casquette unique qui repr\u00e9sente votre marque ou votre \u00e9v\u00e9nement. C&rsquo;est \u00e9galement un excellent choix pour <strong>les cadeaux publicitaires<\/strong>, vous permettant de\u00a0<strong>promouvoir votre entreprise avec style<\/strong>.<\/p>\n","protected":false},"excerpt":{"rendered":"<p>D\u00e9couvrez le Mug c\u00e9ramique 330 ml \u00e0 personnaliser. Lavable au lave-vaisselle, m\u00eame apr\u00e8s marquage. Livr\u00e9 dans une bo\u00eete carton blanche.<\/p>\n","protected":false},"featured_media":106,"comment_status":"open","ping_status":"closed","template":"","meta":{"_et_pb_use_builder":"","_et_pb_old_content":"","_et_gb_content_width":""},"product_brand":[],"product_cat":[19],"product_tag":[],"class_list":{"0":"post-105","1":"product","2":"type-product","3":"status-publish","4":"has-post-thumbnail","6":"product_cat-objet-publicitaire","8":"first","9":"instock","10":"shipping-taxable","11":"purchasable","12":"product-type-simple"},"_links":{"self":[{"href":"https:\/\/mvtfdesign.com\/index.php\/wp-json\/wp\/v2\/product\/105","targetHints":{"allow":["GET"]}}],"collection":[{"href":"https:\/\/mvtfdesign.com\/index.php\/wp-json\/wp\/v2\/product"}],"about":[{"href":"https:\/\/mvtfdesign.com\/index.php\/wp-json\/wp\/v2\/types\/product"}],"replies":[{"embeddable":true,"href":"https:\/\/mvtfdesign.com\/index.php\/wp-json\/wp\/v2\/comments?post=105"}],"wp:featuredmedia":[{"embeddable":true,"href":"https:\/\/mvtfdesign.com\/index.php\/wp-json\/wp\/v2\/media\/106"}],"wp:attachment":[{"href":"https:\/\/mvtfdesign.com\/index.php\/wp-json\/wp\/v2\/media?parent=105"}],"wp:term":[{"taxonomy":"product_brand","embeddable":true,"href":"https:\/\/mvtfdesign.com\/index.php\/wp-json\/wp\/v2\/product_brand?post=105"},{"taxonomy":"product_cat","embeddable":true,"href":"https:\/\/mvtfdesign.com\/index.php\/wp-json\/wp\/v2\/product_cat?post=105"},{"taxonomy":"product_tag","embeddable":true,"href":"https:\/\/mvtfdesign.com\/index.php\/wp-json\/wp\/v2\/product_tag?post=105"}],"curies":[{"name":"wp","href":"https:\/\/api.w.org\/{rel}","templated":true}]}}